{"id":106,"date":"2024-09-09T14:17:42","date_gmt":"2024-09-09T12:17:42","guid":{"rendered":"http:\/\/cosimomacagno.com\/?page_id=106"},"modified":"2024-10-02T15:48:07","modified_gmt":"2024-10-02T13:48:07","slug":"lartiste","status":"publish","type":"page","link":"https:\/\/cosimomacagno.com\/index.php\/lartiste\/","title":{"rendered":"L&#8217;artiste"},"content":{"rendered":"\n<p>N\u00e9 en 1996 \u00e0 Charleville-M\u00e9zi\u00e8res dans les Ardennes Je me suis int\u00e9ress\u00e9 \u00e0 l&#8217;art en partant de mes \u00e9tudes en g\u00e9ologie qui m&#8217;ont conduites vers une formation de tournage en c\u00e9ramique en 2022 au P\u00f4le c\u00e9ramique Normandie . Je suis ensuite entr\u00e9 aux beaux arts en 2023 \u00e0 Brest en bretagne ou j&#8217;ai d\u00e9couvert d&#8217;autres techniques tel que la sculpture du grillage \u00e0 poules et au pl\u00e2tres mais aussi le dessins que ce soit \u00e0 l&#8217;aquarelle ou aux pastels. Je suis pour 2024\/2025 en ann\u00e9e de c\u00e9sure afin d&#8217;ouvrir un atelier boutique au sein du quartier Saint martin \u00e0 Brest en Bretagne ou je vendrais c\u00e9ramique sculptures et dessins originaux ou en tirage limit\u00e9. Mon univers tourne beaucoup autours de l&#8217;art animalier qui sont un prisme pour parler de sujets plus grave que ce soit les maladies mental tel que la d\u00e9pression ou l&#8217;actualit\u00e9 politique. Les rhinoc\u00e9ros sont tr\u00e8s pr\u00e9sent dans mon iconographie et sont les premiers animaux que j&#8217;ai dessin\u00e9 et repr\u00e9sentent la mont\u00e9 du fascisme en r\u00e9f\u00e9rence \u00e0 la pi\u00e8ce de th\u00e9\u00e2tre d&#8217;Eug\u00e8ne Ionesco. Je proposerai une fois mon atelier install\u00e9 des cours d&#8217;initiation du tournage en c\u00e9ramique \u00e0 Brest.<\/p>\n\n\n\n<figure class=\"wp-block-image size-large\"><img fetchpriority=\"high\" decoding=\"async\" width=\"768\" height=\"1024\" src=\"http:\/\/cosimomacagno.com\/wp-content\/uploads\/2024\/09\/DSC_1345-768x1024.jpg\" alt=\"\" class=\"wp-image-323\" srcset=\"https:\/\/cosimomacagno.com\/wp-content\/uploads\/2024\/09\/DSC_1345-768x1024.jpg 768w, https:\/\/cosimomacagno.com\/wp-content\/uploads\/2024\/09\/DSC_1345-800x1067.jpg 800w, https:\/\/cosimomacagno.com\/wp-content\/uploads\/2024\/09\/DSC_1345-225x300.jpg 225w, https:\/\/cosimomacagno.com\/wp-content\/uploads\/2024\/09\/DSC_1345-1152x1536.jpg 1152w, https:\/\/cosimomacagno.com\/wp-content\/uploads\/2024\/09\/DSC_1345-1536x2048.jpg 1536w, https:\/\/cosimomacagno.com\/wp-content\/uploads\/2024\/09\/DSC_1345-1870x2493.jpg 1870w, https:\/\/cosimomacagno.com\/wp-content\/uploads\/2024\/09\/DSC_1345-400x533.jpg 400w, https:\/\/cosimomacagno.com\/wp-content\/uploads\/2024\/09\/DSC_1345-1320x1760.jpg 1320w, https:\/\/cosimomacagno.com\/wp-content\/uploads\/2024\/09\/DSC_1345-scaled.jpg 1920w\" sizes=\"(max-width: 768px) 100vw, 768px\" \/><\/figure>\n\n\n\n<p>Une histoire de famille <\/p>\n\n\n\n<p><\/p>\n\n\n\n<p>Par ailleurs plusieurs membres de ma famille sont \u00e9galement artistes auteur \u00e0 commencer par ma petite s\u0153ur qui est animatrice 2D tout juste dipl\u00f4m\u00e9e de l&#8217;EMCA Angoul\u00eame dont voici le filme de fin d\u2019\u00e9tude<\/p>\n\n\n\n<figure class=\"wp-block-embed is-type-video is-provider-youtube wp-block-embed-youtube wp-embed-aspect-16-9 wp-has-aspect-ratio\"><div class=\"wp-block-embed__wrapper\">\nhttps:\/\/www.youtube.com\/watch?v=2kzPG-nCGWA\n<\/div><\/figure>\n\n\n\n<p>Mon p\u00e8re est auteur illustrateur de BD de vulgarisation scientifique depuis presque 30 ans (soit ma naissance ) dont voici le site internet<br><a href=\"https:\/\/drosophile.fr\/\">https:\/\/drosophile.fr\/<\/a><\/p>\n\n\n\n<p><\/p>\n\n\n\n<p><\/p>\n\n\n\n<p>Ma cousine est artiste peintre \u00e0 Lyon dont voici le site internet<br><a href=\"https:\/\/modelaineamblard.com\/\">https:\/\/modelaineamblard.com\/<\/a><\/p>\n","protected":false},"excerpt":{"rendered":"<p>N\u00e9 en 1996 \u00e0 Charleville-M\u00e9zi\u00e8res dans les Ardennes Je me suis int\u00e9ress\u00e9 \u00e0 l&#8217;art en partant de mes \u00e9tudes en g\u00e9ologie qui m&#8217;ont conduites vers une formation de tournage en c\u00e9ramique en 2022 au P\u00f4le c\u00e9ramique Normandie . Je suis ensuite entr\u00e9 aux beaux&#8230; <\/p>\n<div class=\"readmore\"><a href=\"https:\/\/cosimomacagno.com\/index.php\/lartiste\/\" class=\"btn-link\">Read more<\/a><\/div>\n","protected":false},"author":1,"featured_media":0,"parent":0,"menu_order":0,"comment_status":"closed","ping_status":"closed","template":"","meta":{"_acf_changed":false,"saved_in_kubio":false,"footnotes":""},"class_list":["post-106","page","type-page","status-publish","hentry"],"acf":[],"kubio_ai_page_context":{"short_desc":"","purpose":"general"},"jetpack_sharing_enabled":true,"_links":{"self":[{"href":"https:\/\/cosimomacagno.com\/index.php\/wp-json\/wp\/v2\/pages\/106","targetHints":{"allow":["GET"]}}],"collection":[{"href":"https:\/\/cosimomacagno.com\/index.php\/wp-json\/wp\/v2\/pages"}],"about":[{"href":"https:\/\/cosimomacagno.com\/index.php\/wp-json\/wp\/v2\/types\/page"}],"author":[{"embeddable":true,"href":"https:\/\/cosimomacagno.com\/index.php\/wp-json\/wp\/v2\/users\/1"}],"replies":[{"embeddable":true,"href":"https:\/\/cosimomacagno.com\/index.php\/wp-json\/wp\/v2\/comments?post=106"}],"version-history":[{"count":3,"href":"https:\/\/cosimomacagno.com\/index.php\/wp-json\/wp\/v2\/pages\/106\/revisions"}],"predecessor-version":[{"id":422,"href":"https:\/\/cosimomacagno.com\/index.php\/wp-json\/wp\/v2\/pages\/106\/revisions\/422"}],"wp:attachment":[{"href":"https:\/\/cosimomacagno.com\/index.php\/wp-json\/wp\/v2\/media?parent=106"}],"curies":[{"name":"wp","href":"https:\/\/api.w.org\/{rel}","templated":true}]}}