{"id":876,"date":"2025-07-02T17:58:32","date_gmt":"2025-07-02T15:58:32","guid":{"rendered":"https:\/\/cosimomacagno.com\/?post_type=product&#038;p=876"},"modified":"2025-07-12T19:19:07","modified_gmt":"2025-07-12T17:19:07","slug":"grand-vase-partiellement-emaille-jaune-citron","status":"publish","type":"product","link":"https:\/\/cosimomacagno.com\/index.php\/produit\/grand-vase-partiellement-emaille-jaune-citron\/","title":{"rendered":"Grand vase partiellement \u00e9maill\u00e9 jaune citron"},"content":{"rendered":"<p>Grand vase en porcelaine partiellement \u00e9maill\u00e9 jaune citron<\/p>\n<p>Prix 50\u20ac<\/p>\n","protected":false},"excerpt":{"rendered":"<p>Grand vase en porcelaine partiellement \u00e9maill\u00e9 jaune citron<\/p>\n<p>Prix 50\u20ac<\/p>\n","protected":false},"featured_media":863,"comment_status":"open","ping_status":"closed","template":"","meta":{"_acf_changed":false,"saved_in_kubio":false,"jetpack_publicize_message":"","jetpack_publicize_feature_enabled":true,"jetpack_social_post_already_shared":false,"jetpack_social_options":{"image_generator_settings":{"template":"highway","default_image_id":0,"font":"","enabled":false},"version":2}},"product_brand":[],"product_cat":[28,35],"product_tag":[],"class_list":{"0":"post-876","1":"product","2":"type-product","3":"status-publish","4":"has-post-thumbnail","6":"product_cat-ceramique","7":"product_cat-la-serie-citron-et-bleu","9":"first","10":"instock","11":"purchasable","12":"product-type-simple"},"acf":[],"jetpack_publicize_connections":[],"jetpack_sharing_enabled":true,"_links":{"self":[{"href":"https:\/\/cosimomacagno.com\/index.php\/wp-json\/wp\/v2\/product\/876","targetHints":{"allow":["GET"]}}],"collection":[{"href":"https:\/\/cosimomacagno.com\/index.php\/wp-json\/wp\/v2\/product"}],"about":[{"href":"https:\/\/cosimomacagno.com\/index.php\/wp-json\/wp\/v2\/types\/product"}],"replies":[{"embeddable":true,"href":"https:\/\/cosimomacagno.com\/index.php\/wp-json\/wp\/v2\/comments?post=876"}],"wp:featuredmedia":[{"embeddable":true,"href":"https:\/\/cosimomacagno.com\/index.php\/wp-json\/wp\/v2\/media\/863"}],"wp:attachment":[{"href":"https:\/\/cosimomacagno.com\/index.php\/wp-json\/wp\/v2\/media?parent=876"}],"wp:term":[{"taxonomy":"product_brand","embeddable":true,"href":"https:\/\/cosimomacagno.com\/index.php\/wp-json\/wp\/v2\/product_brand?post=876"},{"taxonomy":"product_cat","embeddable":true,"href":"https:\/\/cosimomacagno.com\/index.php\/wp-json\/wp\/v2\/product_cat?post=876"},{"taxonomy":"product_tag","embeddable":true,"href":"https:\/\/cosimomacagno.com\/index.php\/wp-json\/wp\/v2\/product_tag?post=876"}],"curies":[{"name":"wp","href":"https:\/\/api.w.org\/{rel}","templated":true}]}}