{"id":880,"date":"2025-07-02T18:04:12","date_gmt":"2025-07-02T16:04:12","guid":{"rendered":"https:\/\/cosimomacagno.com\/?post_type=product&#038;p=880"},"modified":"2025-07-12T19:14:11","modified_gmt":"2025-07-12T17:14:11","slug":"gobelet-nuit-rouille","status":"publish","type":"product","link":"https:\/\/cosimomacagno.com\/index.php\/produit\/gobelet-nuit-rouille\/","title":{"rendered":"Gobelet nuit rouill\u00e9"},"content":{"rendered":"<p>Par un heureux hasard ce gobelet a des traces de rouilles dans son \u00e9mail se qui lui donne un aspect unique par rapport au autres pi\u00e8ces<br \/>\nPrix 25\u20ac<\/p>\n","protected":false},"excerpt":{"rendered":"<p>Par un heureux hasard ce gobelet a des traces de rouilles dans son \u00e9mail se qui lui donne un aspect unique par rapport au autres pi\u00e8ces<br \/>\nPrix 25\u20ac<\/p>\n","protected":false},"featured_media":856,"comment_status":"open","ping_status":"closed","template":"","meta":{"_acf_changed":false,"saved_in_kubio":false,"jetpack_publicize_message":"","jetpack_publicize_feature_enabled":true,"jetpack_social_post_already_shared":false,"jetpack_social_options":{"image_generator_settings":{"template":"highway","default_image_id":0,"font":"","enabled":false},"version":2}},"product_brand":[],"product_cat":[28,38],"product_tag":[],"class_list":{"0":"post-880","1":"product","2":"type-product","3":"status-publish","4":"has-post-thumbnail","6":"product_cat-ceramique","7":"product_cat-les-bleus-nocturnes","9":"first","10":"instock","11":"purchasable","12":"product-type-simple"},"acf":[],"jetpack_publicize_connections":[],"jetpack_sharing_enabled":true,"_links":{"self":[{"href":"https:\/\/cosimomacagno.com\/index.php\/wp-json\/wp\/v2\/product\/880","targetHints":{"allow":["GET"]}}],"collection":[{"href":"https:\/\/cosimomacagno.com\/index.php\/wp-json\/wp\/v2\/product"}],"about":[{"href":"https:\/\/cosimomacagno.com\/index.php\/wp-json\/wp\/v2\/types\/product"}],"replies":[{"embeddable":true,"href":"https:\/\/cosimomacagno.com\/index.php\/wp-json\/wp\/v2\/comments?post=880"}],"wp:featuredmedia":[{"embeddable":true,"href":"https:\/\/cosimomacagno.com\/index.php\/wp-json\/wp\/v2\/media\/856"}],"wp:attachment":[{"href":"https:\/\/cosimomacagno.com\/index.php\/wp-json\/wp\/v2\/media?parent=880"}],"wp:term":[{"taxonomy":"product_brand","embeddable":true,"href":"https:\/\/cosimomacagno.com\/index.php\/wp-json\/wp\/v2\/product_brand?post=880"},{"taxonomy":"product_cat","embeddable":true,"href":"https:\/\/cosimomacagno.com\/index.php\/wp-json\/wp\/v2\/product_cat?post=880"},{"taxonomy":"product_tag","embeddable":true,"href":"https:\/\/cosimomacagno.com\/index.php\/wp-json\/wp\/v2\/product_tag?post=880"}],"curies":[{"name":"wp","href":"https:\/\/api.w.org\/{rel}","templated":true}]}}